+ 1. Let t be j(p). Calculate the highest common factor of m and t.
19
Let g(w) = 3*w**3 + w**2 - 1. Let l = 11 + -12. Let b be g(l). Let m be (-44)/(15/b - -3). What is the greatest common factor of 33 and m?
11
Suppose -20*u + 180 = -15*u. What is the greatest common factor of 36 and u?
36
Let x be 28/(-4)*12/(-14). Suppose -10 = 5*f - x*f. What is the greatest common divisor of f and 25?
5
Suppose -5*g + 3*a = -23, 2*g + 4*a - 20 = 10. What is the greatest common divisor of g and 133?
7
Let q(u) = 61*u + 98. Let s be q(7). Calculate the highest common factor of 735 and s.
105
Let x(z) = z**2 + 3*z - 9. Let n be 9/(-27)*(13 - 1). Let p be x(n). Let u = 20 + p. What is the highest common factor of 60 and u?
15
Let f be (3/((-12)/26))/(6/(-24)). Suppose 4*p - 3*s - 147 = 0, 2*p = p - 3*s + 48. What is the highest common factor of f and p?
13
Let z = -10 + 7. Let o(n) = 11*n**2 - 2*n - 13. Let v be o(z). Let b = 31 + -8. Calculate the highest common divisor of b and v.
23
Let i(o) = 2*o + 2. Let v be i(1). Suppose v*k - 515 = 25. Calculate the greatest common factor of k and 15.
15
Suppose -4*a - 20 = 0, -3*a - 43 = -3*x - a. Suppose -4*t = -0*t + 8. Let y be (1 - (t + 5)) + 101. Calculate the highest common factor of x and y.
11
Let w(h) = 5*h**2 + 0 - 2*h - 5*h**2 - 2*h**2 - 2. Let v be w(-2). Let b(j) = -5*j - 6. Let u be b(v). What is the highest common factor of u and 12?
12
Suppose 3*n = 153 + 387. Suppose n = 3*a + 45. Let y(b) = 2*b**3 - b**2 + b + 4. Let d be y(2). Calculate the greatest common divisor of d and a.
9
Suppose -2*w - 3*w + 52 = 2*q, 5*q + 4*w - 96 = 0. Calculate the greatest common divisor of 4 and q.
4
Suppose 0 = 2*y - 3*o - 30, 36*y - 37*y + 3*o + 15 = 0. Calculate the highest common divisor of y and 125.
5
Let h(b) = b - 5. Let f be h(9). Suppose -2*m = 2*w - 50, 46 = w + 5*m + 1. What is the greatest common divisor of w and f?
4
Let t = 5 - 4. Let c be (-408)/(-85) - 8/10. What is the greatest common divisor of c and t?
1
Let o(k) = k**2 - 8*k + 3. Let q be o(7). Let l be (-2 - 6/q)*-304. Let t = 233 + -214. What is the highest common divisor of l and t?
19
Let x(a) = a**3 + 22*a**2 + 45*a + 181. Let i be x(-20). Let c(o) = -o**2 + 7*o - 1. Let g be c(5). What is the highest common divisor of g and i?
9
Let g(y) = -y + 55. Let a be g(0). Suppose 3*s - a = -1. What is the highest common factor of 45 and s?
9
Let d = 28 + -26. Suppose d*u + 102 = -4*q - 0*u, 0 = q - u + 21. Let y = -8 - q. What is the highest common factor of y and 128?
16
Suppose -174 = -2*b + 2*g - 44, -5*b = -g - 325. Suppose -3*a - 20 = -b. Let r be 3 - (-1 + 0)/(1/42). What is the highest common divisor of a and r?
15
Let r = 71 + -44. Calculate the highest common factor of r and 36.
9
Suppose 0 = -4*u - 5*d + 145, 213 = 6*u - 6*d + 9*d. Suppose -28 = -2*f - 2*f. Calculate the greatest common divisor of u and f.
7
Let n = 137 - 53. Suppose -2*b - 6 = 0, -2*w - 4*b = -0*b + 8. Suppose 2*z - s = -3*s + 26, 3*s = w*z - 21. What is the highest common divisor of n and z?
12
Let x(m) = 6*m**3 - m**3 - m + 3 - 2 + 13*m**3. Let a be x(1). Suppose 4*o - 466 = -34. Calculate the highest common divisor of o and a.
18
Let g be (-2)/(-8) - 22955/(-20). Let y be 2/(g/380 - 3). Calculate the greatest common divisor of 38 and y.
19
Let u = -284 - -583. Calculate the greatest common divisor of u and 39.
13
Let d(a) = a**2 - 5*a - 32. Let n be d(-9). Suppose 7*q - 536 = n. Calculate the highest common divisor of q and 18.
18
Let j(t) = 30*t + 93. Let p be j(-2). Calculate the highest common divisor of 121 and p.
11
Let x(z) = 2*z**2 + 8*z + 20. Let o be x(-9). Let v be ((-5)/(50/8))/(4/(-220)). Calculate the greatest common factor of o and v.
22
Suppose 3*y = 5*y - 4*l - 698, -y - 3*l = -334. What is the highest common factor of 49 and y?
49
Let w be (4/7)/(4/14). Let c = -11 + 21. Suppose 0 = 2*k - c - 2. What is the highest common factor of w and k?
2
Let b be (90/8)/((-12)/(-32)). Let a = -34 + 54. What is the highest common factor of a and b?
10
Let r = 33 - 34. Let u = r - -7. Suppose 9 = 3*c - u*i + 3*i, 0 = 2*c - 5*i. Calculate the greatest common factor of c and 20.
5
Let q(y) = -y**3 - y**2 + 4*y + 6. Let k be q(-3). Suppose k*f - 8*f - 40 = 0. What is the highest common factor of 2 and f?
2
Let h = 265 + -49. Calculate the greatest common factor of h and 27.
27
Let o(i) = 2*i**2 + 66*i - 40. Let v be o(-34). What is the greatest common factor of v and 16?
4
Let m be ((-36)/20)/(9/(-30)). Let u = 19 - m. Let h = -3 + u. What is the greatest common factor of h and 40?
10
Suppose 3*x + 568 = 79. Let v = x - -383. What is the highest common factor of 20 and v?
20
Let g = -50 - -317. Suppose 5*u - g = 123. Suppose -4*n + u = -10. Calculate the highest common factor of n and 154.
22
Let d = 139 - 103. Suppose 9*l - d = 3*l. Calculate the highest common divisor of 4 and l.
2
Let r(g) = g**3 - 11*g**2 - 29*g - 50. Let x be r(14). What is the greatest common factor of x and 24?
12
Suppose 150*q + 5616 = 159*q. Calculate the highest common factor of 96 and q.
48
Let c(s) = 3*s**3 - s**2 - 13*s + 46. Let v be c(4). Calculate the greatest common factor of v and 765.
85
Suppose 3*l - 2 = 2*l. Suppose -l*d + 5*w - 14 = -49, -d = w - 14. Let p be ((-10)/15)/(2/(-180)). Calculate the highest common divisor of p and d.
15
Suppose -475 = -4*r + 105. Calculate the greatest common factor of 29 and r.
29
Let j be 10*1/2 - 0. Let l be -2 + j - 184/(-1). Suppose -7 = -3*a + 44. Calculate the highest common factor of l and a.
17
Let y(m) = m**3 - 14*m**2 + 17*m - 39. Let b be y(13). What is the highest common factor of 611 and b?
13
Let d = -136 + 153. Let x be (-22)/8*-1*32. Suppose 5*l - 82 = x. What is the greatest common factor of d and l?
17
Suppose -5096 = -112*y + 21*y. Suppose 3*r - r - 336 = 0. What is the greatest common divisor of r and y?
56
Let q(a) = 3*a + 39. Let f be q(-9). Suppose 4*v = f, -3*y - v + 93 = -0*y. What is the highest common factor of y and 12?
6
Let k(v) = v**3 + v**2. Let u be k(-2). Let i be 48*(1 - (-18)/24). Let l be -24*u/(64/i). Calculate the greatest common factor of 18 and l.
18
Let n = 317 + -213. What is the highest common divisor of n and 8?
8
Let s(c) = -5*c**2 - 4*c + 4. Let z be s(-2). Let q be (3/2)/(6*(-1)/z). Calculate the highest common divisor of q and 1.
1
Let z = 13 + -12. Let u be (-3 - z)/(-2*1). Let c = u - -5. Calculate the greatest common divisor of 77 and c.
7
Let g = 809 + -512. Suppose -2*m - 20 = -7*m. Suppose u + m*r = 35, 2*u - 55 = 2*r - 5. What is the highest common divisor of g and u?
27
Suppose -x - 2*x + 9 = 0. Suppose -1 + 4 = -x*k. Let z(g) = 30*g**2. Let v be z(k). What is the highest common divisor of v and 12?
6
Suppose 0*q - 31 = 3*c - 2*q, 5*q + 60 = -5*c. Let k = c + 14. Let p be (-8)/k*-3 + 3. What is the greatest common factor of 55 and p?
11
Let d = -4 - -18. Let l(o) = 2*o**2 - 11*o + 7. Let k be l(8). Let s = k - 19. Calculate the highest common divisor of d and s.
14
Let o = 144 + -60. Suppose 2*m = 5*m - o. Calculate the greatest common divisor of m and 14.
14
Let h be 50/15 - 6/(-9). Suppose c - 5 = 3*y, -c + 0*c - h*y = 2. Suppose -n - 7 = -r + c, 4*r = -3*n + 57. Calculate the highest common factor of 132 and r.
12
Let v(u) = -118*u - 371. Let w be v(-26). What is the highest common factor of 87 and w?
87
Let r = 151 + -133. Suppose -13*n - 140 = -r*n. What is the highest common divisor of 140 and n?
28
Let d = 1107 + -860. What is the greatest common divisor of 39 and d?
13
Let i(a) = -a**3 - 13*a**2 + 43*a + 234. Let x be i(-15). Calculate the greatest common factor of x and 897.
39
Let y(b) be the second derivative of 23*b**3/6 - 13*b**2/2 + 2*b. Let m be y(6). Calculate the greatest common divisor of 25 and m.
25
Suppose 4*d + 173 = 5*z, -d - 2*d = -5*z + 176. Suppose -4*i + 123 = -z. Suppose 2*o - 128 + i = 0. Calculate the greatest common factor of 11 and o.
11
Suppose -96 = -p - 5*p. Suppose p = -5*q + 511. Let h be (-1 + -2)*(-11)/3. What is the highest common factor of h and q?
11
Let x = -126 + 107. Let r = x - -79. What is the greatest common divisor of r and 12?
12
Let r = -608 + 640. Calculate the greatest common factor of 208 and r.
16
Suppose -l + 2*l - 306 = 4*m, -2*l = 2*m